ded by 2270.
2095
What is the remainder when 5679883 is divided by 49?
48
What is the remainder when 1639950 is divided by 201?
192
Calculate the remainder when 307835 is divided by 6.
5
What is the remainder when 2291948 is divided by 458376?
68
Calculate the remainder when 3428818 is divided by 1142911.
85
Calculate the remainder when 11223350 is divided by 5581.
5540
Calculate the remainder when 21527 is divided by 3489.
593
What is the remainder when 1080778 is divided by 100?
78
Calculate the remainder when 333465130 is divided by 858.
856
What is the remainder when 8144099 is divided by 19?
15
What is the remainder when 247263 is divided by 102?
15
What is the remainder when 679433 is divided by 35?
13
What is the remainder when 2385401 is divided by 34?
29
Calculate the remainder when 263468 is divided by 6269.
170
Calculate the remainder when 180435 is divided by 1542.
21
Calculate the remainder when 4587871 is divided by 29.
13
What is the remainder when 1697961 is divided by 1243?
23
What is the remainder when 116029 is divided by 115106?
923
Calculate the remainder when 49204 is divided by 3533.
3275
Calculate the remainder when 148809 is divided by 1121.
837
What is the remainder when 34723 is divided by 17150?
423
Calculate the remainder when 175306990 is divided by 1270.
0
What is the remainder when 232759 is divided by 2044?
1787
What is the remainder when 304489 is divided by 316?
181
Calculate the remainder when 871348 is divided by 150.
148
Calculate the remainder when 177358 is divided by 11.
5
Calculate the remainder when 81698 is divided by 1773.
140
What is the remainder when 18917844 is divided by 389?
385
Calculate the remainder when 84864 is divided by 84666.
198
What is the remainder when 499799 is divided by 29383?
288
Calculate the remainder when 39881 is divided by 19768.
345
What is the remainder when 432493 is divided by 108104?
77
Calculate the remainder when 401218 is divided by 9117.
70
Calculate the remainder when 2186268 is divided by 2186052.
216
What is the remainder when 32111786 is divided by 8?
2
What is the remainder when 5134807 is divided by 228?
19
Calculate the remainder when 170681 is divided by 2116.
1401
What is the remainder when 1817985 is divided by 4445?
4425
Calculate the remainder when 6807534 is divided by 9938.
4
What is the remainder when 25615979 is divided by 2?
1
What is the remainder when 1033333 is divided by 17816?
5
What is the remainder when 3550953 is divided by 1183561?
270
Calculate the remainder when 125165 is divided by 11364.
161
Calculate the remainder when 227213 is divided by 15991.
3339
Calculate the remainder when 106377 is divided by 681.
141
Calculate the remainder when 864830 is divided by 84.
50
What is the remainder when 648042 is divided by 13223?
115
Calculate the remainder when 3554351 is divided by 15.
11
What is the remainder when 85253 is divided by 1977?
242
Calculate the remainder when 33104553 is divided by 1581.
1575
Calculate the remainder when 12376466 is divided by 1547039.
154
Calculate the remainder when 35403620 is divided by 888.
836
Calculate the remainder when 1484725 is divided by 1216.
1205
Calculate the remainder when 158812 is divided by 31691.
357
What is the remainder when 111038 is divided by 364?
18
Calculate the remainder when 1955565 is divided by 8457.
1998
Calculate the remainder when 1226754 is divided by 171.
0
What is the remainder when 3060391 is divided by 2425?
41
Calculate the remainder when 595696 is divided by 18050.
46
Calculate the remainder when 5937184 is divided by 228353.
6
What is the remainder when 145760905 is divided by 36440223?
13
Calculate the remainder when 3529005 is divided by 196036.
357
Calculate the remainder when 5317091 is divided by 31462.
13
What is the remainder when 176544 is divided by 580?
224
What is the remainder when 4256836 is divided by 112021?
38
Calculate the remainder when 572915 is divided by 210.
35
What is the remainder when 249079 is divided by 987?
355
What is the remainder when 951068 is divided by 7152?
7004
What is the remainder when 194959 is divided by 3303?
82
What is the remainder when 24713384 is divided by 1091?
52
Calculate the remainder when 3743726 is divided by 16.
14
What is the remainder when 8619018 is divided by 9?
6
What is the remainder when 266042780 is divided by 96?
92
Calculate the remainder when 824497 is divided by 4579.
277
Calculate the remainder when 11734 is divided by 3730.
544
Calculate the remainder when 27958004 is divided by 5.
4
What is the remainder when 7402 is divided by 947?
773
Calculate the remainder when 10066071 is divided by 13073.
12934
What is the remainder when 2957930 is divided by 1478952?
26
Calculate the remainder when 3198131 is divided by 8667.
8
What is the remainder when 832895 is divided by 29740?
175
What is the remainder when 87401 is divided by 48?
41
What is the remainder when 709132 is divided by 24?
4
Calculate the remainder when 88133 is divided by 101.
61
Calculate the remainder when 70030 is divided by 1774.
844
What is the remainder when 184059 is divided by 3122?
2983
Calculate the remainder when 857372 is divided by 7655.
12
Calculate the remainder when 18261 is divided by 2051.
1853
Calculate the remainder when 123562081 is divided by 41187354.
19
Calculate the remainder when 122506 is divided by 59473.
3560
Calculate the remainder when 11202119 is divided by 2240422.
9
What is the remainder when 5473548 is divided by 24219?
54
Calculate the remainder when 1743174 is divided by 870979.
1216
Calculate the remainder when 275532 is divided by 172.
160
Calculate the remainder when 619154 is divided by 180.
134
What is the remainder when 297456299 is divided by 73?
60
What is the remainder when 24585 is divided by 10748?
3089
Calculate the remainder when 85901420 is divided by 140822.
0
What is the remainder when 274437 is divided by 68145?
1857
What is the remainder when 9680862 is divided by 4278?
4026
Calculate the remainder when 159045 is divided by 6973.
5639
Calculate the remainder when 11248039 is divided by 255626.
495
Calculate the remainder when 21635117 is divided by 4159.
4158
Calculate the remainder when 305099 is divided by 1191.
203
Calculate the remainder when 113447 is divided by 4725.
47
Calculate the remainder when 1376248 is divided by 108.
4
Calculate the remainder when 528980 is divided by 711.
707
What is the remainder when 627449 is divided by 69691?
230
What is the remainder when 3009478 is divided by 2560?
1478
What is the remainder when 107767873 is divided by 89?
87
Calculate the remainder when 112654250 is divided by 3435.
3425
Calculate the remainder when 273979150 is divided by 2263.
3
Calculate the remainder when 23433952 is divided by 11950.
2
Calculate the remainder when 12704 is divided by 1969.
890
What is the remainder when 17281701 is divided by 1417?
1386
Calculate the remainder when 2505023 is divided by 245.
143
Calculate the remainder when 90653 is divided by 236.
29
What is the remainder when 8305741 is divided by 593258?
129
What is the remainder when 30457 is divided by 1726?
1115
Calculate the remainder when 2417679 is divided by 40.
39
Calculate the remainder when 235041021 is divided by 6101.
6097
Calculate the remainder when 1653354 is divided by 1653118.
236
Calculate the remainder when 26880180 is divided by 82.
6
Calculate the remainder when 19024794 is divided by 114.
18
What is the remainder when 6851 is divided by 1300?
351
What is the remainder when 11349958 is divided by 276?
10
Calculate the remainder when 704255 is divided by 5220.
4775
Calculate the remainder when 6746738 is divided by 364.
362
What is the remainder when 1442619 is divided by 55475?
269
Calculate the remainder when 319661 is divided by 6521.
132
What is the remainder when 36709008 is divided by 2867?
2807
What is the remainder when 1057015 is divided by 287?
281
Calculate the remainder when 2162224 is divided by 720212.
1588
Calculate the remainder when 6262880 is divided by 91.
78
What is the remainder when 295446 is divided by 524?
434
Calculate the remainder when 505253 is divided by 4471.
30
Calculate the remainder when 4652450 is divided by 26.
10
What is the remainder when 1206164 is d